0 + 3*l**4/4 + l**3/3 - 60*l**2. Is u(-3) prime?
False
Suppose 0*b - 5*b + 2*h + 6 = 0, -2*h + 4 = 0. Suppose b*u = -z + 1476, 0 = u - 3*u + 5*z + 1464. Is u composite?
True
Let x = -67 + 99. Suppose -4*z - 5*j = -4*j + x, j - 4 = 0. Let t(k) = 13*k**2 + 8. Is t(z) a prime number?
True
Let z(i) = -7498*i - 1011. Is z(-8) a prime number?
False
Let b(u) = -u**3 - 10*u**2 + 37*u - 14. Let w be b(-13). Let y(f) = -12 - 3 - 7 + w + 459*f. Is y(7) prime?
True
Let f(k) = -9*k**3 + 9*k**2 - 1. Let x be 2/15 + (-392)/(-210). Suppose -29 = z - 5*w, -x*w - 5 = 5*z + w. Is f(z) a composite number?
False
Let m(l) be the third derivative of l**5/2 + l**4/24 - 3*l**3/2 - 20*l**2. Let r be m(4). Let y = r - -682. Is y prime?
False
Suppose c - 5*z - 3 = 0, 4 = -5*c + 5*z + 19. Let k be 1142 - (c + (-4 - (-2 - 1))). Let h = 2353 - k. Is h a prime number?
True
Let g = 17547 + 14386. Is g prime?
False
Let n(y) = y**2 + 3*y + 2. Let z be n(-3). Suppose -7*b = -35*b + 420. Suppose 2*a - 19 = -2*v - v, z*v - b = a. Is v composite?
False
Suppose -4*f + 232*s + 1058780 = 236*s, 8 = -4*s. Is f a composite number?
False
Let m(p) = -8*p + 19*p**2 + 14 + 3*p + 3*p. Is m(-7) a prime number?
False
Suppose -9*y - 67 = -8*y. Let p = 72 + y. Suppose -3*c + 2091 = -3*l, p*c + 4*l - 1810 - 1648 = 0. Is c a prime number?
False
Suppose 0 = -16*l - 14 + 62. Suppose -4*g = 4*r - l*r - 2958, 2*g - 2*r - 1474 = 0. Is g a composite number?
False
Suppose 1698716 = 856*m - 852*m. Is m a prime number?
True
Suppose -1807019 = -4*f - 3*j, 3*j = f - 332905 - 118831. Is f composite?
True
Suppose 0 = 3*s - 89 + 152. Let l(i) = -642*i - 31. Is l(s) a prime number?
True
Is -8*2/2 + (93851 - -28) a composite number?
False
Let h(d) = 83*d**3 + 5*d**2 - 23*d + 327. Is h(10) a prime number?
True
Let z = -109921 - -213770. Is z a composite number?
True
Is (-816)/(-1496) + ((-952852)/(-22) - -1) composite?
False
Let h(t) = 3*t**2 + 13*t + 7. Let k(f) = 3*f**2 + 12*f + 8. Let g(r) = -4*h(r) + 5*k(r). Suppose -14 = 2*m - 0*m. Is g(m) prime?
True
Suppose -d = -4, 4*o + 111 = 2*d - 41. Is (37 + o)*(-2371)/(-1) a prime number?
True
Let v = 24418 + -5367. Is v prime?
True
Let h be (497 - 12) + 3*-1. Suppose -k + 341 = -2*k. Let m = k + h. Is m a prime number?
False
Suppose 0 = -2*k + 3*x + 4646 + 3677, -2*x - 4159 = -k. Is k composite?
True
Let m(z) = z**3 + 48*z**2 + 16*z - 49. Let w be m(-45). Suppose 4*x + 2*t = -1956 + w, -5*x = 5*t - 4180. Is x composite?
False
Let o(a) = 12*a - 180. Let r be o(15). Suppose -22*y + 8584 + 10974 = r. Is y a prime number?
False
Suppose 3*y = 4 + 41. Let m(o) = y + 85*o - 9 + 17 + 5. Is m(9) composite?
True
Let i(f) = 43*f**2 + 4*f - 7. Let d(b) = -86*b**2 - 7*b + 14. Let k(q) = 4*d(q) + 9*i(q). Let r be 63/54*(-18)/(-14)*4. Is k(r) a composite number?
True
Let k be (294/245)/(3/10). Suppose k*c = 4*f + 376 + 156, -667 = -5*c + 3*f. Is c composite?
True
Suppose -10*r + 129367 = -1096203. Is r composite?
False
Suppose 3*w = -2*z - 6*z + 900035, 4*z + 1199944 = 4*w. Is w composite?
False
Let b be ((-791142)/165)/(1/(-5)). Suppose 7*n - 139273 = b. Is n a prime number?
True
Let d(v) = -2*v + 33. Let u be d(11). Let p = u + 72. Is p composite?
False
Suppose -9*c = 24*c + 132. Is 5158/(-4)*(10 + c)*-1 prime?
False
Suppose -6*s + 2*s = -396. Let v = s + -119. Is 10/((-10)/1996*16/v) composite?
True
Let k = -2 - -4. Suppose 0 = 2*d + 6, -4*a + 6*d = k*d - 44. Suppose a*b - 7*b = 877. Is b a prime number?
True
Let o(k) = 4487*k - 8990. Is o(29) a composite number?
True
Let t(b) = -3497*b - 3. Let d be t(-7). Is 2/(-3) + d/12 prime?
True
Let r(s) = 2*s**3 - 134*s**2 + 36*s + 65. Let o be r(67). Let c be 90*((-80)/(-6) - 0). Let i = o - c. Is i composite?
False
Let i = -1562 + 8341. Is i prime?
True
Suppose 2*n - 1075 = b, 4*n - 4310 = 4*b + 6*n. Let v = -124 - b. Is v prime?
True
Suppose 0 = 14*f - 12979 - 25423. Let w = f + 5238. Is w composite?
True
Suppose 33928 = -4*l + 163572. Let k = l - 18448. Is k a prime number?
True
Suppose 3*r = 4*y - 459242, -82*y + 84*y - 229614 = -2*r. Is y a prime number?
True
Let p(j) = 9*j**2 + 2*j - 3. Let g be 15/20 - 23/4. Let w be 2 + -4 + (g - -3). Is p(w) a composite number?
True
Suppose 0 = h - 0 - 4. Let n(o) = -5520*o**2 + 17*o - 9. Let j be n(-3). Is j/(-132) + h/22 prime?
False
Suppose 7 = -5*m - 3*j + 20, -2*j + 2 = 0. Suppose -10783 = -4*f - 3*r, 3*r - 13478 = m*f - 7*f. Suppose -5*s = -k + 447 + 84, -5*s - f = -5*k. Is k composite?
False
Let m(q) = -q**3 + 8*q**2 + 2*q - 8. Let c be m(8). Let s(l) = 2*l**2 + 4 - c + 0 + 14*l + 5. Is s(-16) composite?
True
Suppose -11*z - 36 = -8*z. Is (-26487)/z + (-3)/(10 + 2) a prime number?
True
Let r = -6 - -3. Let j be r/(-1 - (-95)/98). Is (-290)/((-34)/14 - (-42)/j) prime?
False
Suppose 15*b - 12 = 19*b. Let o be (b*1*1)/((-33)/14487). Suppose o = j + 2*m, j + 2*m = 3*m + 1314. Is j a composite number?
True
Suppose 0 = 259*a - 258*a + f - 421737, 4*f + 843486 = 2*a. Is a prime?
True
Let a = 4799 + -2809. Suppose 0 = 4*n - a - 9558. Is n composite?
False
Suppose 10*p + 455 = -275. Let w = p + 82. Suppose 3*m = -5*u + 1264, 6*m = 3*m + w. Is u composite?
False
Is 18/(-279) + (-12041160)/(-248) composite?
True
Let f(r) = -20*r**3 - 5*r**2 + 10*r. Let j be f(-6). Suppose 3350 = 10*l - j. Let b = 1060 - l. Is b composite?
False
Let m be 660015/(-30)*2/(-3). Let c = -9506 + m. Is c a prime number?
False
Let j = -33 - -37. Suppose -4*s - 6986 = -4*y - 1170, 5*s = -j*y + 5789. Let c = -682 + y. Is c prime?
True
Suppose 5*y + 62760 = d, 125572 = 2*d + 44*y - 41*y. Is (-28)/98 + 3 + d/14 a prime number?
False
Let p(t) = 97*t**2 - 5*t - 54. Let a be p(-12). Is a/153 - (-10)/6 prime?
False
Suppose -2*i + 242812 = 3*k, -16*k + 15*k = 3*i - 364211. Is i a prime number?
True
Suppose 2*m - 5*n = 16, 0 = -4*m + 2*m + 3*n + 12. Suppose 0 = i - m, 4*i = 5*j + 13082 - 52105. Is j a composite number?
True
Let x be (-10)/40 - (-27)/12. Suppose -4 = -x*w, 3*z = 3*w + 3290 + 2422. Is z a composite number?
True
Let w = -107 + 107. Suppose 4*b - 584 = -w*b. Is b prime?
False
Let u(q) = -3*q + 33. Let p be u(10). Suppose -x = 2*c - 1712, -p*x + 4 = -2. Let h = 3794 - c. Is h a composite number?
False
Suppose 853*i = 798*i + 3311888 + 6234627. Is i composite?
False
Let h(c) = -3 + 100*c - 5 - 7 + 14. Let k be h(16). Let d = k + 1034. Is d composite?
False
Suppose -4*g - 2*j = -11528, 3*g = -59*j + 54*j + 8653. Let m = 31808 - g. Is m prime?
True
Suppose 223*v = 210308468 - 61580625. Is v prime?
False
Let k(n) = -229*n**2 - 2*n - 8. Let t be k(4). Let i = t - -5258. Suppose 2*x + x = i. Is x a prime number?
False
Let i = -27 - -36. Let m(n) = 3*n**2 + 3*n + 6*n**2 - 8*n**2 + i. Is m(4) prime?
True
Let b(w) = -121539*w + 21055. Is b(-8) a composite number?
False
Let n be -4*(2 + 15/(-6)) - 0. Suppose 2*r + n*r + 1343 = y, -5*y + 2*r = -6661. Let l = y + -934. Is l a composite number?
False
Is -3 + 337*129 - ((-7 - -10) + -10) a composite number?
True
Suppose 0 = -m, d + 5*m = 6*d - 40. Suppose -2319 = -11*v + d*v. Let q = v + -282. Is q composite?
False
Let i(z) = 3*z**2 + 4*z - 1. Let l be i(-3). Let k be (21/l)/((-6)/(-208)). Let g = k + -31. Is g composite?
True
Let n(q) = 4*q + 1492. Let a be n(0). Suppose 3*s = 7*s - a. Is s composite?
False
Let k = 294 - 265. Is (-165 - k)*(-11)/2 a prime number?
False
Suppose 11*w - 5084884 = -17*w. Is w prime?
True
Let j = -56 - -103. Let z = j - 44. Suppose 386 = 5*b - z*c, -5*c = 4*b - 2*b - 173. Is b a prime number?
True
Suppose -14*p + 34 = -120. Suppose -7*c + p*c - 7948 = 0. Let o = -428 + c. Is o prime?
True
Suppose -5*n = 2*l - 4 - 255, 0 = 5*n + 5. Suppose 134*y - 1358 = l*y. Is y a prime number?
False
Suppose -20 = -4*d - 8. Suppose -3*j = 5*n - 48260, d*n - 28952 = j - 2*j. Is n composite?
False
Suppose -7*g + 10*g - 3 = 0. Let m be (60/16 + g)*776. Suppose -5*k + m + 1799 = 0. Is k a composite number?
False
Let y(d) be the first derivative of 669*d**2/2 + 227*d - 140. Is y(8) a composite number?
True
Is (14/(-21))/((-12)/1927674) prime?
False
Suppose -2*c + 5*n - 111543 = 0, -5*c - n = 2*n + 278904. Is 32/24*c/(-4) a composite number?
False
Suppose -j - 90 = 4*j. Let f be (2 - (-40)/18) + 4/j. Suppose -242 = -f*w + 114. Is w a prime number?
True
Suppose 0 = -2*r - 